is divided by 138?
93
Calculate the remainder when 25745 is divided by 552.
353
What is the remainder when 119190 is divided by 774?
768
What is the remainder when 98131 is divided by 6?
1
Calculate the remainder when 289157 is divided by 267.
263
What is the remainder when 2930 is divided by 42?
32
What is the remainder when 279013 is divided by 37?
33
What is the remainder when 6555 is divided by 41?
36
Calculate the remainder when 2472 is divided by 95.
2
Calculate the remainder when 8053 is divided by 382.
31
Calculate the remainder when 21097 is divided by 299.
167
Calculate the remainder when 5727790 is divided by 168.
166
What is the remainder when 127344 is divided by 17?
14
Calculate the remainder when 3039 is divided by 29.
23
Calculate the remainder when 459202 is divided by 585.
562
What is the remainder when 97971 is divided by 39?
3
What is the remainder when 267673 is divided by 22?
21
Calculate the remainder when 1715 is divided by 574.
567
Calculate the remainder when 12050 is divided by 634.
4
What is the remainder when 5899 is divided by 50?
49
What is the remainder when 152653 is divided by 99?
94
Calculate the remainder when 41451 is divided by 282.
279
Calculate the remainder when 3521 is divided by 72.
65
What is the remainder when 601879 is divided by 299?
291
What is the remainder when 36535 is divided by 7305?
10
What is the remainder when 65672 is divided by 363?
332
What is the remainder when 279538 is divided by 591?
586
What is the remainder when 7839 is divided by 7828?
11
Calculate the remainder when 47057 is divided by 66.
65
What is the remainder when 10556 is divided by 66?
62
Calculate the remainder when 637106 is divided by 53.
46
Calculate the remainder when 14660 is divided by 27.
26
Calculate the remainder when 1067 is divided by 353.
8
Calculate the remainder when 12595 is divided by 3116.
131
Calculate the remainder when 15496 is divided by 274.
152
What is the remainder when 96859 is divided by 5?
4
Calculate the remainder when 12013 is divided by 3001.
9
Calculate the remainder when 7646 is divided by 6.
2
Calculate the remainder when 25503 is divided by 400.
303
What is the remainder when 242422 is divided by 242417?
5
Calculate the remainder when 5783 is divided by 54.
5
What is the remainder when 134146 is divided by 26822?
36
Calculate the remainder when 20168 is divided by 611.
5
What is the remainder when 26118 is divided by 1741?
3
Calculate the remainder when 60625 is divided by 12123.
10
Calculate the remainder when 3326 is divided by 50.
26
What is the remainder when 20390 is divided by 3860?
1090
Calculate the remainder when 1321 is divided by 23.
10
What is the remainder when 8467 is divided by 4228?
11
What is the remainder when 5205 is divided by 84?
81
Calculate the remainder when 11600 is divided by 179.
144
Calculate the remainder when 788402 is divided by 21.
20
What is the remainder when 1836573 is divided by 288?
285
Calculate the remainder when 62413 is divided by 334.
289
What is the remainder when 1205682 is divided by 41?
36
What is the remainder when 98207 is divided by 61?
58
Calculate the remainder when 880445 is divided by 293474.
23
What is the remainder when 32298 is divided by 291?
288
What is the remainder when 58093 is divided by 203?
35
Calculate the remainder when 19872 is divided by 54.
0
What is the remainder when 2972 is divided by 23?
5
What is the remainder when 2361 is divided by 2355?
6
Calculate the remainder when 129757 is divided by 64869.
19
What is the remainder when 8926 is divided by 1484?
22
Calculate the remainder when 2144 is divided by 603.
335
Calculate the remainder when 20351 is divided by 20133.
218
What is the remainder when 3056 is divided by 2859?
197
What is the remainder when 4766 is divided by 4677?
89
What is the remainder when 45042 is divided by 50?
42
What is the remainder when 2947 is divided by 60?
7
Calculate the remainder when 36515 is divided by 17.
16
Calculate the remainder when 6655 is divided by 52.
51
Calculate the remainder when 431108 is divided by 95.
93
What is the remainder when 1779 is divided by 312?
219
Calculate the remainder when 3330 is divided by 915.
585
Calculate the remainder when 2048 is divided by 23.
1
What is the remainder when 109577 is divided by 21?
20
Calculate the remainder when 1230 is divided by 332.
234
Calculate the remainder when 30134 is divided by 886.
10
What is the remainder when 89026 is divided by 781?
773
What is the remainder when 77304 is divided by 73?
70
What is the remainder when 3778 is divided by 8?
2
What is the remainder when 4721 is divided by 20?
1
What is the remainder when 1000160 is divided by 333382?
14
Calculate the remainder when 9555 is divided by 79.
75
Calculate the remainder when 49 is divided by 2.
1
Calculate the remainder when 549917 is divided by 183305.
2
Calculate the remainder when 1367 is divided by 96.
23
Calculate the remainder when 204285 is divided by 192.
189
Calculate the remainder when 21997 is divided by 57.
52
What is the remainder when 589932 is divided by 24?
12
What is the remainder when 2550843 is divided by 2441?
2439
Calculate the remainder when 771119 is divided by 1008.
1007
Calculate the remainder when 94 is divided by 23.
2
What is the remainder when 1177 is divided by 315?
232
What is the remainder when 54813 is divided by 95?
93
What is the remainder when 130657 is divided by 56?
9
What is the remainder when 4554 is divided by 1577?
1400
Calculate the remainder when 3148 is divided by 52.
28
Calculate the remainder when 25303 is divided by 3106.
455
What is the remainder when 3455 is divided by 55?
45
Calculate the remainder when 5981 is divided by 1645.
1046
What is the remainder when 7717 is divided by 477?
85
Calculate the remainder when 6511 is divided by 125.
11
What is the remainder when 525356 is divided by 33?
29
Calculate the remainder when 25387 is divided by 93.
91
What is the remainder when 42129 is divided by 2104?
49
What is the remainder when 245280 is divided by 245263?
17
Calculate the remainder when 414376 is divided by 25898.
8
What is the remainder when 9033 is divided by 11?
2
What is the remainder when 9877 is divided by 11?
10
Calculate the remainder when 15924057 is divided by 740.
737
What is the remainder when 3533 is divided by 25?
8
What is the remainder when 14468 is divided by 8?
4
Calculate the remainder when 47719 is divided by 66.
1
Calculate the remainder when 8999 is divided by 1498.
11
What is the remainder when 120520 is divided by 257?
244
What is the remainder when 544326 is divided by 145?
141
Calculate the remainder when 14554 is divided by 1947.
925
Calculate the remainder when 103064 is divided by 252.
248
Calculate the remainder when 1489 is divided by 631.
227
What is the remainder when 581 is divided by 316?
265
Calculate the remainder when 3134 is divided by 956.
266
What is the remainder when 1510 is divided by 734?
42
What is the remainder when 1230 is divided by 15?
0
What is the remainder when 5873 is divided by 341?
76
What is the remainder when 25804 is divided by 445?
439
Calculate the remainder when 56619 is divided by 4718.
3
Calculate the remainder when 67923 is divided by 162.
45
What is the remainder when 3112 is divided by 773?
20
Calculate the remainder when 21191 is divided by 2119.
1
Calculate the remainder when 8122 is divided by 2681.
79
Calculate the remainder when 21023 is divided by 955.
13
What is the remainder when 22340 is divided by 1488?
20
What is the remainder when 19294 is divided by 992?
446
What is the remainder when 4920 is divided by 495?
465
What is the remainder when 28726 is divided by 18?
16
Calculate the remainder when 122651 is divided by 1094.
123
What is the remainder when 10074 is divided by 35?
29
Calculate the remainder when 806090 is divided by 80.
10
Calculate the remainder when 10010 is divided by 1653.
92
What is the remainder when 6866 is divided by 550?
266
What is the remainder when 1008744 is divided by 269?
263
Calculate the remainder when 5258 is divided by 1166.
594
Calculate the remainder when 141816 is divided by 303.
12
What is the remainder when 36165 is divided by 36132?
33
What is the remainder when 1648 is divided by 520?
88
Wha